ands digit of 3926600?
6
What is the ten thousands digit of 575275?
7
What is the hundreds digit of 502576?
5
What is the tens digit of 1451838?
3
What is the ten thousands digit of 11726905?
2
What is the hundreds digit of 1141420?
4
What is the units digit of 25763831?
1
What is the thousands digit of 1810967?
0
What is the thousands digit of 946840?
6
What is the thousands digit of 5477163?
7
What is the thousands digit of 5232417?
2
What is the units digit of 214025?
5
What is the ten thousands digit of 504482?
0
What is the thousands digit of 3082294?
2
What is the hundred thousands digit of 2555972?
5
What is the millions digit of 23110684?
3
What is the units digit of 392969?
9
What is the units digit of 1486405?
5
What is the hundreds digit of 11425001?
0
What is the millions digit of 12127870?
2
What is the units digit of 13092148?
8
What is the thousands digit of 1441074?
1
What is the millions digit of 1821788?
1
What is the ten thousands digit of 993847?
9
What is the millions digit of 2936079?
2
What is the hundreds digit of 1461?
4
What is the hundreds digit of 38158?
1
What is the hundreds digit of 466758?
7
What is the hundreds digit of 486431?
4
What is the units digit of 1441441?
1
What is the hundreds digit of 209534?
5
What is the thousands digit of 339612?
9
What is the units digit of 108146?
6
What is the hundred thousands digit of 1605533?
6
What is the units digit of 1655259?
9
What is the tens digit of 2879935?
3
What is the tens digit of 453972?
7
What is the ten thousands digit of 4776266?
7
What is the tens digit of 837580?
8
What is the tens digit of 54588?
8
What is the ten millions digit of 24481992?
2
What is the thousands digit of 13123394?
3
What is the hundreds digit of 2994732?
7
What is the units digit of 6665173?
3
What is the millions digit of 1042317?
1
What is the tens digit of 836699?
9
What is the thousands digit of 82632?
2
What is the units digit of 2566985?
5
What is the hundred thousands digit of 615446?
6
What is the units digit of 1700670?
0
What is the thousands digit of 250908?
0
What is the thousands digit of 3379949?
9
What is the ten thousands digit of 25474?
2
What is the millions digit of 2409682?
2
What is the millions digit of 5043779?
5
What is the hundreds digit of 287042?
0
What is the thousands digit of 296182?
6
What is the units digit of 3867755?
5
What is the units digit of 852896?
6
What is the hundreds digit of 3395408?
4
What is the hundreds digit of 476524?
5
What is the hundreds digit of 435527?
5
What is the hundreds digit of 320892?
8
What is the millions digit of 1545232?
1
What is the units digit of 219993?
3
What is the tens digit of 3183360?
6
What is the hundreds digit of 229425?
4
What is the units digit of 1414090?
0
What is the thousands digit of 130506?
0
What is the hundreds digit of 371085?
0
What is the hundred thousands digit of 143451?
1
What is the tens digit of 4037374?
7
What is the units digit of 175440?
0
What is the tens digit of 4209652?
5
What is the hundred thousands digit of 844293?
8
What is the hundreds digit of 25511011?
0
What is the units digit of 13328337?
7
What is the units digit of 2770495?
5
What is the units digit of 6232023?
3
What is the millions digit of 14719129?
4
What is the ten thousands digit of 32697740?
9
What is the hundreds digit of 147828?
8
What is the tens digit of 11865?
6
What is the tens digit of 3246?
4
What is the hundreds digit of 5864144?
1
What is the units digit of 5596627?
7
What is the millions digit of 11525586?
1
What is the tens digit of 11518274?
7
What is the ten thousands digit of 58071?
5
What is the tens digit of 8173881?
8
What is the units digit of 1355532?
2
What is the hundreds digit of 174172?
1
What is the ten thousands digit of 5571704?
7
What is the hundred thousands digit of 424877?
4
What is the tens digit of 65492?
9
What is the ten millions digit of 20054831?
2
What is the hundreds digit of 999963?
9
What is the tens digit of 1798846?
4
What is the thousands digit of 2612614?
2
What is the hundreds digit of 8142738?
7
What is the ten thousands digit of 1755978?
5
What is the thousands digit of 32860?
2
What is the ten thousands digit of 387379?
8
What is the units digit of 8965694?
4
What is the tens digit of 1365993?
9
What is the ten thousands digit of 263409?
6
What is the units digit of 537271?
1
What is the ten thousands digit of 45586?
4
What is the tens digit of 2023765?
6
What is the hundreds digit of 691222?
2
What is the ten thousands digit of 93604?
9
What is the millions digit of 27746839?
7
What is the thousands digit of 388777?
8
What is the tens digit of 570236?
3
What is the thousands digit of 288429?
8
What is the thousands digit of 109240?
9
What is the hundred thousands digit of 7125404?
1
What is the hundreds digit of 54971?
9
What is the ten millions digit of 12203355?
1
What is the thousands digit of 13684800?
4
What is the tens digit of 10102210?
1
What is the hundreds digit of 17224?
2
What is the hundreds digit of 11134294?
2
What is the ten thousands digit of 2312632?
1
What is the ten thousands digit of 1309688?
0
What is the ten thousands digit of 2167238?
6
What is the millions digit of 3715787?
3
What is the ten thousands digit of 165392?
6
What is the millions digit of 3068181?
3
What is the tens digit of 539348?
4
What is the ten thousands digit of 28907?
2
What is the tens digit of 605336?
3
What is the tens digit of 38573?
7
What is the hundreds digit of 2744?
7
What is the tens digit of 96380?
8
What is the ten thousands digit of 1620016?
2
What is the hundreds digit of 28405?
4
What is the hundred thousands digit of 1439596?
4
What is the units digit of 9216?
6
What is the units digit of 15328971?
1
What is the units digit of 1969411?
1
What is the millions digit of 15799742?
5
What is the hundred thousands digit of 10119929?
1
What is the tens digit of 269906?
0
What is the hundred thousands digit of 186466?
1
What is the units digit of 478078?
8
What is the ten thousands digit of 801764?
0
What is the hundreds digit of 37205?
2
What is the tens digit of 6355096?
9
What is the units digit of 123110?
0
What is the tens digit of 906960?
6
What is the tens digit of 2195341?
4
What is the thousands digit of 978272?
8
What is the thousands digit of 349536?
9
What is the ten thousands digit of 1699722?
9
What is the ten thousands digit of 746286?
4
What is the tens digit of 67184?
8
What is the ten millions digit of 17860282?
1
What is the thousands digit of 278109?
8
What is the millions digit of 1650580?
1
What is the ten thousands digit of 50265?
5
What is the thousands digit of 3319409?
9
What is the units digit of 21872713?
3
What is the thousands digit of 147787?
7
What is the hundred thousands digit of 371597?
3
What is the hundred thousands digit of 127936?
1
What is the ten millions digit of 10828011?
1
What is the hundreds digit of 10681?
6
What is the hundreds digit of 1800393?
3
What is the units digit of 18742138?
8
What is the units digit of 222187?
7
What is the tens digit of 276488?
8
What is the ten millions digit of 17182669?
1
What is the hundreds digit of 293162?
1
What is the hundreds digit of 525011?
0
What is the hundred thousands digit of 127215?
1
What is the thousands digit of 423439?
3
What is the thousands digit of 155090?
5
What is the hundred thousands digit of 2197116?
1
What is the thousands digit of 1694361?
4
What is the tens digit of 12814669?
6
What is the hundred thousands digit of 176567?
1
What is the thousands digit of 417685?
7
What is the hundreds digit of 7441275?
2
What is the hundreds digit of 218761?
7
What is the ten thousands digit of 210957?
1
What is the thousands digit of 154806?
4
What is the hundreds digit of 1081378?
3
What is the hundred thousands digit of 108483?
1
What is the ten thousands digit of 456035?
5
What is the thousands digit of 8551488?
1
What is the ten thousands digit of 7904953?
0
What is the thousands digit of 2160749?
0
What is the tens digit of 3435456?
5
What is the hundreds digit of 28934?
9
What is the tens digit of 27470745?
4
What is the units digit of 805562?
2
What is the ten thousands digit of 4078383?
7
What is the units digit of 518147?
7
What is the ten thousands digit of 36